{"id":243,"date":"2017-06-05T09:33:55","date_gmt":"2017-06-05T09:33:55","guid":{"rendered":"https:\/\/rudniksrece.hr\/?page_id=243"},"modified":"2024-11-21T13:26:21","modified_gmt":"2024-11-21T13:26:21","slug":"o-meni","status":"publish","type":"page","link":"https:\/\/rudniksrece.hr\/index.php\/o-meni\/","title":{"rendered":"O meni"},"content":{"rendered":"<section class=\"wpb-content-wrapper\"><p>[vc_row full_width=&#8221;stretch_row&#8221; css=&#8221;.vc_custom_1499414717989{background-image: url(https:\/\/rudniksrece.hr\/wp-content\/uploads\/2017\/06\/bg-style-1.png?id=434) !important;background-position: 0 0 !important;background-repeat: no-repeat !important;}&#8221;][vc_column][vc_empty_space height=&#8221;1.5em&#8221; alter_height=&#8221;none&#8221; hide_on_mobile=&#8221;1&#8243;][vc_empty_space height=&#8221;5em&#8221; alter_height=&#8221;none&#8221; hide_on_mobile=&#8221;&#8221;][\/vc_column][\/vc_row][vc_row css=&#8221;.vc_custom_1610357436584{background-image: url(https:\/\/rudniksrece.hr\/wp-content\/uploads\/2017\/06\/bg-style-1.png?id=434) !important;}&#8221;][vc_column width=&#8221;1\/2&#8243; icons_position=&#8221;left&#8221;][vc_empty_space height=&#8221;5em&#8221; alter_height=&#8221;none&#8221; hide_on_mobile=&#8221;&#8221;]<div id=\"sc_content_296045016\"\n\t\tclass=\"sc_content color_style_default sc_content_default sc_float_center sc_align_center sc_content_width_90p\"><div class=\"sc_content_container\"><div id=\"sc_title_1131395355\"\n\t\tclass=\"sc_title color_style_default sc_title_extra go-center\"><h3 class=\"sc_item_title sc_title_title sc_align_center sc_item_title_style_extra\">O meni<\/h3><\/div><!-- \/.sc_title -->[vc_empty_space height=&#8221;2.5em&#8221; alter_height=&#8221;none&#8221; hide_on_mobile=&#8221;&#8221;]<\/div><\/div><!-- \/.sc_content --><div id=\"sc_content_1320296885\"\n\t\tclass=\"sc_content color_style_default sc_content_default sc_float_center sc_align_center sc_content_width_70p\"><div class=\"sc_content_container\">[vc_column_text]Ja sam Lidija Pavlik, mag.rehab.educ.<\/p>\n<p>Edukantica sam psihoterapijskog pravca transakcijska analiza i edukantica dje\u010dje i adolescente psihoterapije. Pripremam se za certifikaciju i do tada, prema naputku Hrvatske komore psihoterapeuta obavljam rad s klijentima u obliku stru\u010dne prakse.<\/p>\n<p>Radim s djecom i odraslima na podizanju kvalitete \u017eivota, ubla\u017eavanju pote\u0161ko\u0107a, no\u0161enju s neugodnim emocijama, ostvarivanju zna\u010dajnih odnosa s drugima.<\/p>\n<p>Kako bih svojim klijentima osigurala kvalitetu rada u stalnoj sam superviziji (konzultacije sa iskusnijim terapeutima).[\/vc_column_text]<\/div><\/div><!-- \/.sc_content -->[vc_empty_space height=&#8221;3.2em&#8221; alter_height=&#8221;none&#8221; hide_on_mobile=&#8221;&#8221;][vc_empty_space height=&#8221;3em&#8221; alter_height=&#8221;none&#8221; hide_on_mobile=&#8221;&#8221;][\/vc_column][vc_column width=&#8221;1\/2&#8243; icons_position=&#8221;left&#8221;][vc_single_image image=&#8221;1307&#8243; img_size=&#8221;500&#215;750&#8243; alignment=&#8221;center&#8221;][\/vc_column][\/vc_row][vc_row scheme=&#8221;default&#8221;][vc_column][vc_empty_space height=&#8221;6.5em&#8221; alter_height=&#8221;none&#8221; hide_on_mobile=&#8221;&#8221;][vc_empty_space height=&#8221;6.5em&#8221; alter_height=&#8221;none&#8221; hide_on_mobile=&#8221;&#8221;]<div id=\"sc_content_1483313001\"\n\t\tclass=\"sc_content color_style_default sc_content_default sc_float_center\"><div class=\"sc_content_container\"><div id=\"title2\"\n\t\tclass=\"sc_title color_style_default sc_title_default go-left\"><h3 class=\"sc_item_title sc_title_title sc_align_left sc_item_title_style_default\">Pru\u017eam podr\u0161ku u otkrivanju individualnih potencijala.<\/h3><\/div><!-- \/.sc_title -->[vc_empty_space height=&#8221;4.0em&#8221; alter_height=&#8221;none&#8221; hide_on_mobile=&#8221;&#8221;]<\/div><\/div><!-- \/.sc_content -->[vc_column_text]Temelji mog profesionalnog razvoja kre\u0107u na Edukacijsko-rehabilitacijskom fakultetu. Kao stru\u010dnjak edukacijski rehabilitator zadnjih deset godina pru\u017eam podr\u0161ku osobama s invaliditetom i djeci s te\u0161ko\u0107ama. Vrijednost koju sam prona\u0161la kroz taj rad bila je cijeniti male korake u postizanju velikih ciljeva. Nau\u010dila sam va\u017enost razli\u010ditih perspektiva i usmjeravanja na snage unutar nas i na\u0161e okoline.[\/vc_column_text][\/vc_column][\/vc_row][vc_row][vc_column][vc_text_separator title=&#8221;Klijenti mi se obra\u0107aju kad imaju potrebu:&#8221; el_id=&#8221;separateheading&#8221;][vc_column_text el_class=&#8221;fs18&#8243;]<\/p>\n<ul>\n<li>za prepoznavanjem odstupanja u razvoju (ka\u0161njenje u razvoju, vje\u0161tine koje ne odgovaraju dobi, te\u0161ko\u0107e u\u010denja, nezrele socio-emocionalne reakcije)<\/li>\n<li>trebaju podr\u0161ku u u\u010denju<\/li>\n<li>osmi\u0161ljavanja strategija za optimalno funkcioniranje u okolini,<\/li>\n<li>odre\u0111ivanjem primjerene razine podr\u0161ke u odgoju i obrazovanju<\/li>\n<li>ali i suo\u010davanjem sa posebnostima svakodnevice osoba s invaliditetom koji stavljaju poseban teret na njihovo mentalno zdravlje i op\u0107u psiholo\u0161ku dobrobit.<\/li>\n<\/ul>\n<p>[\/vc_column_text][vc_empty_space height=&#8221;2.5em&#8221; alter_height=&#8221;none&#8221; hide_on_mobile=&#8221;&#8221;][\/vc_column][\/vc_row][vc_row][vc_column][vc_text_separator title=&#8221;Klijentima nudim sveobuhvatni pogled na ono \u0161to zajedno mo\u017eemo u\u010diniti za njihovu kvalitetu \u017eivota.&#8221; el_id=&#8221;separateheading&#8221;][vc_column_text el_class=&#8221;fs18&#8243;]Moje iskustvo nau\u010dilo me da su vje\u0161tine uspje\u0161ne komunikacije, postavljanja granica, rje\u0161avanja sukoba, postizanja osobnih ciljeva i promjene, ono \u0161to najvi\u0161e poga\u0111a ljude koje susre\u0107em. Zbog toga sam odlu\u010dila zavr\u0161iti \u010detverogodi\u0161nju edukaciju za psihoterapeuta &#8211; po principima transakcijske analize uz primjenu terapije igrom, u Centru Proventus.[\/vc_column_text][vc_empty_space height=&#8221;2.5em&#8221; alter_height=&#8221;none&#8221; hide_on_mobile=&#8221;&#8221;][\/vc_column][\/vc_row][vc_row][vc_column][vc_text_separator title=&#8221; Kroz rad s klijentima pru\u017eam podr\u0161ku na putu autenti\u010dnog \u017eivljenja&#8221; el_id=&#8221;separateheading&#8221;][vc_column_text el_class=&#8221;fs18&#8243;]Takav na\u010din rada me nau\u010dio da oslu\u0161kujem svoje emocije kao putokaze svog tijela prema zdravijem odnosu spram sebe i drugih. To mi je omogu\u0107ilo dublje razvijati vlastitu empatiju, odbaciti \u0161tetna uvjerenja koja su me ko\u010dila privatno i profesionalno. Voljela bih ljudima pribli\u017eiti koristi psihoterapijskog rada za svakodnevni \u017eivot.<\/p>\n<p>Klijenti mi se javljaju kada:<\/p>\n<ul>\n<li><i>\u017eele olak\u0161ati simptome anksioznosti, depresije i drugih poreme\u0107aja raspolo\u017eenja<\/i><\/li>\n<li><i>kada \u017eele dublje razumjeti vlastite i tu\u0111e emocije i pona\u0161anje<\/i><\/li>\n<li><i>kada \u017eele pove\u0107ati samopouzdanje i izgraditi pozitivan stav prema sebi<\/i><\/li>\n<li><i>kada im je potrebna podr\u0161ka sa prilagodbom na \u017eivotne promjene<\/i><\/li>\n<\/ul>\n<p>[\/vc_column_text][vc_empty_space height=&#8221;2.5em&#8221; alter_height=&#8221;none&#8221; hide_on_mobile=&#8221;&#8221;][\/vc_column][\/vc_row][vc_row][vc_column][vc_empty_space height=&#8221;6em&#8221; alter_height=&#8221;none&#8221; hide_on_mobile=&#8221;&#8221;][\/vc_column][\/vc_row]<\/p>\n<\/section>","protected":false},"excerpt":{"rendered":"<p>[vc_row full_width=&#8221;stretch_row&#8221; css=&#8221;.vc_custom_1499414717989{background-image: url(https:\/\/rudniksrece.hr\/wp-content\/uploads\/2017\/06\/bg-style-1.png?id=434) !important;background-position: 0 0 !important;background-repeat: no-repeat !important;}&#8221;][vc_column][vc_empty_space height=&#8221;1.5em&#8221; alter_height=&#8221;none&#8221; hide_on_mobile=&#8221;1&#8243;][vc_empty_space height=&#8221;5em&#8221; alter_height=&#8221;none&#8221; hide_on_mobile=&#8221;&#8221;][\/vc_column][\/vc_row][vc_row css=&#8221;.vc_custom_1610357436584{background-image: url(https:\/\/rudniksrece.hr\/wp-content\/uploads\/2017\/06\/bg-style-1.png?id=434) !important;}&#8221;][vc_column width=&#8221;1\/2&#8243; icons_position=&#8221;left&#8221;][vc_empty_space height=&#8221;5em&#8221; alter_height=&#8221;none&#8221; hide_on_mobile=&#8221;&#8221;][vc_empty_space height=&#8221;3.2em&#8221; alter_height=&#8221;none&#8221; hide_on_mobile=&#8221;&#8221;][vc_empty_space height=&#8221;3em&#8221; alter_height=&#8221;none&#8221; hide_on_mobile=&#8221;&#8221;][\/vc_column][vc_column width=&#8221;1\/2&#8243; icons_position=&#8221;left&#8221;][vc_single_image image=&#8221;1307&#8243; img_size=&#8221;500&#215;750&#8243; alignment=&#8221;center&#8221;][\/vc_column][\/vc_row][vc_row scheme=&#8221;default&#8221;][vc_column][vc_empty_space height=&#8221;6.5em&#8221; alter_height=&#8221;none&#8221; hide_on_mobile=&#8221;&#8221;][vc_empty_space height=&#8221;6.5em&#8221; alter_height=&#8221;none&#8221; hide_on_mobile=&#8221;&#8221;][vc_column_text]Temelji mog profesionalnog razvoja&hellip;<\/p>\n","protected":false},"author":1,"featured_media":0,"parent":0,"menu_order":0,"comment_status":"closed","ping_status":"closed","template":"","meta":{"footnotes":""},"_links":{"self":[{"href":"https:\/\/rudniksrece.hr\/index.php\/wp-json\/wp\/v2\/pages\/243"}],"collection":[{"href":"https:\/\/rudniksrece.hr\/index.php\/wp-json\/wp\/v2\/pages"}],"about":[{"href":"https:\/\/rudniksrece.hr\/index.php\/wp-json\/wp\/v2\/types\/page"}],"author":[{"embeddable":true,"href":"https:\/\/rudniksrece.hr\/index.php\/wp-json\/wp\/v2\/users\/1"}],"replies":[{"embeddable":true,"href":"https:\/\/rudniksrece.hr\/index.php\/wp-json\/wp\/v2\/comments?post=243"}],"version-history":[{"count":43,"href":"https:\/\/rudniksrece.hr\/index.php\/wp-json\/wp\/v2\/pages\/243\/revisions"}],"predecessor-version":[{"id":1330,"href":"https:\/\/rudniksrece.hr\/index.php\/wp-json\/wp\/v2\/pages\/243\/revisions\/1330"}],"wp:attachment":[{"href":"https:\/\/rudniksrece.hr\/index.php\/wp-json\/wp\/v2\/media?parent=243"}],"curies":[{"name":"wp","href":"https:\/\/api.w.org\/{rel}","templated":true}]}}