{"id":299,"date":"2017-06-05T12:45:41","date_gmt":"2017-06-05T12:45:41","guid":{"rendered":"https:\/\/rudniksrece.hr\/?page_id=299"},"modified":"2026-03-10T08:59:45","modified_gmt":"2026-03-10T08:59:45","slug":"home-1","status":"publish","type":"page","link":"https:\/\/rudniksrece.hr\/","title":{"rendered":"Po\u010detna"},"content":{"rendered":"<section class=\"wpb-content-wrapper\"><p>[vc_row full_width=&#8221;stretch_row_content_no_spaces&#8221; full_height=&#8221;yes&#8221; columns_placement=&#8221;stretch&#8221; content_placement=&#8221;middle&#8221;][vc_column]<div class=\"sc_layouts sc_layouts_default sc_layouts_1114\"><!-- wp:cover {\"url\":\"https:\/\/rudniksrece.hr\/wp-content\/uploads\/2024\/03\/Slika1-scaled.jpg\",\"id\":1323,\"dimRatio\":40,\"focalPoint\":{\"x\":0.5,\"y\":0.7},\"style\":{\"color\":{}},\"layout\":{\"type\":\"constrained\"}} -->\n<div class=\"wp-block-cover\"><span aria-hidden=\"true\" class=\"wp-block-cover__background has-background-dim-40 has-background-dim\"><\/span><img loading=\"lazy\" decoding=\"async\" width=\"2560\" height=\"1707\" class=\"wp-block-cover__image-background wp-image-1323\" alt=\"\" src=\"https:\/\/rudniksrece.hr\/wp-content\/uploads\/2024\/03\/Slika1-scaled.jpg\" style=\"object-position:50% 70%\" data-object-fit=\"cover\" data-object-position=\"50% 70%\" srcset=\"https:\/\/rudniksrece.hr\/wp-content\/uploads\/2024\/03\/Slika1-scaled.jpg 2560w, https:\/\/rudniksrece.hr\/wp-content\/uploads\/2024\/03\/Slika1-300x200.jpg 300w, https:\/\/rudniksrece.hr\/wp-content\/uploads\/2024\/03\/Slika1-1024x683.jpg 1024w, https:\/\/rudniksrece.hr\/wp-content\/uploads\/2024\/03\/Slika1-768x512.jpg 768w, https:\/\/rudniksrece.hr\/wp-content\/uploads\/2024\/03\/Slika1-1536x1024.jpg 1536w, https:\/\/rudniksrece.hr\/wp-content\/uploads\/2024\/03\/Slika1-2048x1365.jpg 2048w, https:\/\/rudniksrece.hr\/wp-content\/uploads\/2024\/03\/Slika1-370x247.jpg 370w, https:\/\/rudniksrece.hr\/wp-content\/uploads\/2024\/03\/Slika1-760x507.jpg 760w, https:\/\/rudniksrece.hr\/wp-content\/uploads\/2024\/03\/Slika1-408x272.jpg 408w\" sizes=\"(max-width: 2560px) 100vw, 2560px\" \/><div class=\"wp-block-cover__inner-container\"><!-- wp:heading {\"textAlign\":\"center\",\"level\":1,\"style\":{\"typography\":{\"fontStyle\":\"normal\",\"fontWeight\":\"700\"}},\"fontSize\":\"x-large\"} -->\n<h1 class=\"wp-block-heading has-text-align-center has-x-large-font-size\" style=\"font-style:normal;font-weight:700\">Poklonite pa\u017enju svojoj psiholo\u0161koj dobrobiti<\/h1>\n<!-- \/wp:heading -->\n\n<!-- wp:paragraph {\"align\":\"center\",\"style\":{\"elements\":{\"link\":{\"color\":{\"text\":\"var:preset|color|white\"}}},\"typography\":{\"fontStyle\":\"normal\",\"fontWeight\":\"600\"}},\"textColor\":\"white\",\"fontSize\":\"medium\"} -->\n<p class=\"has-text-align-center has-white-color has-text-color has-link-color has-medium-font-size\" style=\"font-style:normal;font-weight:600\">Potra\u017eiti podr\u0161ku nije znak slabosti, ve\u0107 hrabrog koraka prema vlastitom emocionalnom zdravlju<\/p>\n<!-- \/wp:paragraph --><\/div><\/div>\n<!-- \/wp:cover --><\/div>[\/vc_column][\/vc_row][vc_row full_width=&#8221;stretch_row&#8221; css=&#8221;.vc_custom_1499414829344{background-image: url(https:\/\/rudniksrece.hr\/wp-content\/uploads\/2017\/06\/bg-style-1.png?id=434) !important;background-position: 0 0 !important;background-repeat: repeat !important;}&#8221;][vc_column][vc_empty_space height=&#8221;3em&#8221; alter_height=&#8221;none&#8221; hide_on_mobile=&#8221;&#8221;][\/vc_column][\/vc_row][vc_row css=&#8221;.vc_custom_1610353611279{background-image: url(https:\/\/rudniksrece.hr\/wp-content\/uploads\/2017\/06\/bg-style-1.png?id=434) !important;}&#8221;][vc_column width=&#8221;1\/2&#8243; icons_position=&#8221;left&#8221;]<div id=\"sc_content_1740165789\"\n\t\tclass=\"sc_content color_style_default sc_content_default sc_float_center sc_align_center sc_content_width_90p\"><div class=\"sc_content_container\"><div id=\"sc_title_1001928098\"\n\t\tclass=\"sc_title color_style_default sc_title_extra go-center\"><h6 class=\"sc_item_subtitle sc_title_subtitle sc_align_center sc_item_title_style_extra\">DOBRODO\u0160LI<\/h6><h3 class=\"sc_item_title sc_title_title sc_align_center sc_item_title_style_extra\">U RUDNIK SRE\u0106E<\/h3><\/div><!-- \/.sc_title -->[vc_empty_space height=&#8221;2.5em&#8221; alter_height=&#8221;none&#8221; hide_on_mobile=&#8221;&#8221;]<\/div><\/div><!-- \/.sc_content --><div id=\"sc_content_1855011427\"\n\t\tclass=\"sc_content color_style_default sc_content_default sc_float_center sc_align_center sc_content_width_70p\"><div class=\"sc_content_container\">[vc_column_text]Svi smo u potrazi za sre\u0107om. Za mene ona predstavlja osobni potencijal da svaki dan pro\u017eivimo najbolje \u0161to znamo ovisno o na\u0161im trenutnim kapacitetima i podr\u0161ci koju primamo.<\/p>\n<p>Rudnik je metafora da \u0107e takav rad nekad biti vi\u0161e povr\u0161inski, a nekad zagrabiti u na\u0161e dubine, u slojeve svega zakopanog u nama. Sve s ciljem da izme\u0111u zemlje, blata i kamenja prona\u0111emo svoje blago.<\/p>\n<p>Mogu vas podr\u017eati na tom putu.[\/vc_column_text]<\/div><\/div><!-- \/.sc_content -->[vc_empty_space height=&#8221;3.2em&#8221; alter_height=&#8221;none&#8221; hide_on_mobile=&#8221;&#8221;]<div class=\"sc_item_button sc_button_wrap sc_align_center\"><a href=\"https:\/\/rudniksrece.hr\/index.php\/kontakt\/\" id=\"sc_button_513115746\" class=\"sc_button color_style_default sc_button_default sc_button_size_normal sc_button_icon_left\"><span class=\"sc_button_text\"><span class=\"sc_button_title\">Dogovorite termin<\/span><\/span><!-- \/.sc_button_text --><\/a><!-- \/.sc_button --><\/div><!-- \/.sc_item_button -->[vc_empty_space height=&#8221;3em&#8221; alter_height=&#8221;none&#8221; hide_on_mobile=&#8221;&#8221;][\/vc_column][vc_column width=&#8221;1\/2&#8243; icons_position=&#8221;left&#8221;][vc_single_image image=&#8221;1325&#8243; img_size=&#8221;full&#8221; alignment=&#8221;center&#8221;][\/vc_column][\/vc_row][vc_row full_width=&#8221;stretch_row&#8221; css=&#8221;.vc_custom_1499414829344{background-image: url(https:\/\/rudniksrece.hr\/wp-content\/uploads\/2017\/06\/bg-style-1.png?id=434) !important;background-position: 0 0 !important;background-repeat: repeat !important;}&#8221;][vc_column][vc_empty_space height=&#8221;4em&#8221; alter_height=&#8221;none&#8221; hide_on_mobile=&#8221;1&#8243;][vc_empty_space height=&#8221;6.5em&#8221; alter_height=&#8221;none&#8221; hide_on_mobile=&#8221;&#8221;][\/vc_column][\/vc_row][vc_row full_width=&#8221;stretch_row&#8221; css=&#8221;.vc_custom_1499263130654{background: #88d4f2 url(https:\/\/rudniksrece.hr\/wp-content\/uploads\/2017\/06\/bg-style-3.png?id=503) !important;background-position: 0 0 !important;background-repeat: repeat !important;}&#8221;][vc_column width=&#8221;5\/12&#8243;][vc_empty_space height=&#8221;3.8em&#8221; alter_height=&#8221;none&#8221; hide_on_mobile=&#8221;1&#8243;][vc_empty_space height=&#8221;5em&#8221; alter_height=&#8221;none&#8221; hide_on_mobile=&#8221;&#8221;][vc_single_image image=&#8221;1153&#8243; img_size=&#8221;full&#8221; alignment=&#8221;center&#8221;][\/vc_column][vc_column width=&#8221;1\/12&#8243;][\/vc_column][vc_column width=&#8221;6\/12&#8243;][vc_empty_space height=&#8221;3.8em&#8221; alter_height=&#8221;none&#8221; hide_on_mobile=&#8221;1&#8243;][vc_empty_space height=&#8221;5em&#8221; alter_height=&#8221;none&#8221; hide_on_mobile=&#8221;&#8221;][vc_empty_space height=&#8221;5em&#8221; alter_height=&#8221;none&#8221; hide_on_mobile=&#8221;&#8221;][vc_column_text el_id=&#8221;text-just&#8221;]<span style=\"color: #ffffff; font-size: 20px; font-weight: bolder;\">\u017delja mi je stvoriti sigurno mjesto susreta gdje svako dijete, odrasli i obitelj mo\u017ee dobiti podr\u0161ku za takav rad na sebi. Oduvijek sam bila odu\u0161evljena snagom jednostavnog susreta dvoje ljudi. U mom \u017eivotu je prihva\u0107anje koje sam iskusila od dragih ljudi omogu\u0107ilo po\u010detak promjena. Znala sam da i ja \u017eelim drugima biti takva podr\u0161ka. Prolaze\u0107i vlastitu psihoterapiju u okviru edukacije, shvatila sam da je ono \u0161to je nedostajalo mom prethodnom uvidu bilo prihva\u0107anje same sebe. Uvjerena sam da i vas mogu osna\u017eiti na tom putovanju.<\/span>[\/vc_column_text][vc_empty_space height=&#8221;5em&#8221; alter_height=&#8221;none&#8221; hide_on_mobile=&#8221;&#8221;]<a href=\"https:\/\/rudniksrece.hr\/index.php\/o-meni\/\" id=\"sc_button_1986705032\" class=\"sc_button color_style_default sc_button_default button_color_white_blue sc_button_size_normal sc_button_icon_left\"><span class=\"sc_button_text\"><span class=\"sc_button_title\">O meni<\/span><\/span><!-- \/.sc_button_text --><\/a><!-- \/.sc_button -->[vc_empty_space height=&#8221;5em&#8221; alter_height=&#8221;none&#8221; hide_on_mobile=&#8221;1&#8243;][vc_empty_space height=&#8221;7em&#8221; alter_height=&#8221;none&#8221; hide_on_mobile=&#8221;&#8221;][\/vc_column][\/vc_row][vc_row full_width=&#8221;stretch_row&#8221; css=&#8221;.vc_custom_1499346145660{background-color: #f9f9f9 !important;}&#8221;][vc_column icons_position=&#8221;left&#8221;][vc_empty_space height=&#8221;2.2em&#8221; alter_height=&#8221;none&#8221; hide_on_mobile=&#8221;1&#8243;][vc_empty_space height=&#8221;5em&#8221; alter_height=&#8221;none&#8221; hide_on_mobile=&#8221;&#8221;]<div id=\"sc_title_1970620977\"\n\t\tclass=\"sc_title color_style_link2 sc_title_extra go-center\"><h3 class=\"sc_item_title sc_title_title sc_align_center sc_item_title_style_extra\">Usluge koje nudim<\/h3><\/div><!-- \/.sc_title -->[vc_empty_space height=&#8221;3.6em&#8221; alter_height=&#8221;none&#8221; hide_on_mobile=&#8221;&#8221;]<div id=\"remove-link\" class=\"sc_services color_style_default sc_services_default sc_services_featured_top\"><div class=\"sc_services_columns_wrap sc_item_columns sc_item_columns_3 trx_addons_columns_wrap columns_padding_bottom\"><div class=\"trx_addons_column-1_3\"><div class=\"sc_services_item with_content with_image sc_services_item_featured_top\">\n\t<div class=\"post_featured with_thumb hover_icon sc_services_item_thumb\"><img loading=\"lazy\" decoding=\"async\" width=\"408\" height=\"250\" src=\"https:\/\/rudniksrece.hr\/wp-content\/uploads\/2024\/02\/Slika3-408x250.jpg\" class=\"attachment-happy_baby-thumb-med size-happy_baby-thumb-med wp-post-image\" alt=\"Individualno savjetovanje\" \/><div class=\"mask\"><\/div><div class=\"icons\"><a href=\"https:\/\/rudniksrece.hr\/index.php\/services\/individualno-savjetovanje\/\" aria-hidden=\"true\" class=\"icon-visibility\"><\/a><\/div><\/div>\t\n\t<div class=\"sc_services_item_info\">\n\t\t<div class=\"sc_services_item_header\">\n\t\t\t<h4 class=\"sc_services_item_title\"><a href=\"https:\/\/rudniksrece.hr\/index.php\/services\/individualno-savjetovanje\/\">Individualno savjetovanje<\/a><\/h4>\n\t\t\t\t\t<\/div>\n\t\t\t\t\t<div class=\"sc_services_item_content\"><p>Ponekad je iznimno te\u0161ko nositi se sa \u017eivotnim situacijama. U ulozi stru\u010dnjaka mogu vam biti podr\u0161ka u razumijevanju, procesuiranju i prevladavanju izazova koje trenutno do\u017eivljavate.<\/p>\n<\/div>\n\t\t\t\t\t\t<\/div>\n<\/div>\n<\/div><div class=\"trx_addons_column-1_3\"><div class=\"sc_services_item with_content with_image sc_services_item_featured_top\">\n\t<div class=\"post_featured with_thumb hover_icon sc_services_item_thumb\"><img loading=\"lazy\" decoding=\"async\" width=\"408\" height=\"250\" src=\"https:\/\/rudniksrece.hr\/wp-content\/uploads\/2017\/06\/Slika4-408x250.jpg\" class=\"attachment-happy_baby-thumb-med size-happy_baby-thumb-med wp-post-image\" alt=\"Terapija igrom\" \/><div class=\"mask\"><\/div><div class=\"icons\"><a href=\"https:\/\/rudniksrece.hr\/index.php\/services\/terapija-igrom\/\" aria-hidden=\"true\" class=\"icon-visibility\"><\/a><\/div><\/div>\t\n\t<div class=\"sc_services_item_info\">\n\t\t<div class=\"sc_services_item_header\">\n\t\t\t<h4 class=\"sc_services_item_title\"><a href=\"https:\/\/rudniksrece.hr\/index.php\/services\/terapija-igrom\/\">Terapija igrom<\/a><\/h4>\n\t\t\t\t\t<\/div>\n\t\t\t\t\t<div class=\"sc_services_item_content\"><p>Terapija igrom je u\u010dinkovit na\u010din podr\u0161ke emocionalnom i socijalnom razvoju djece<\/p>\n<\/div>\n\t\t\t\t\t\t<\/div>\n<\/div>\n<\/div><div class=\"trx_addons_column-1_3\"><div class=\"sc_services_item with_content with_image sc_services_item_featured_top\">\n\t<div class=\"post_featured with_thumb hover_icon sc_services_item_thumb\"><img loading=\"lazy\" decoding=\"async\" width=\"408\" height=\"250\" src=\"https:\/\/rudniksrece.hr\/wp-content\/uploads\/2017\/06\/slika5-408x250.jpg\" class=\"attachment-happy_baby-thumb-med size-happy_baby-thumb-med wp-post-image\" alt=\"Edukacijsko-rehabilitacijska podr\u0161ka\" \/><div class=\"mask\"><\/div><div class=\"icons\"><a href=\"https:\/\/rudniksrece.hr\/index.php\/services\/edukacijsko-rehabilitacijska-podrska\/\" aria-hidden=\"true\" class=\"icon-visibility\"><\/a><\/div><\/div>\t\n\t<div class=\"sc_services_item_info\">\n\t\t<div class=\"sc_services_item_header\">\n\t\t\t<h4 class=\"sc_services_item_title\"><a href=\"https:\/\/rudniksrece.hr\/index.php\/services\/edukacijsko-rehabilitacijska-podrska\/\">Edukacijsko-rehabilitacijska podr\u0161ka<\/a><\/h4>\n\t\t\t\t\t<\/div>\n\t\t\t\t\t<div class=\"sc_services_item_content\"><p>Otkrijte kako edukacijska rehabilitacija mo\u017ee transformirati va\u0161u obrazovnu i \u017eivotnu stvarnost, pru\u017eaju\u0107i trajne koristi i osna\u017euju\u0107i vas za budu\u0107nost.<\/p>\n<\/div>\n\t\t\t\t\t\t<\/div>\n<\/div>\n<\/div><\/div><\/div><!-- \/.sc_services -->[vc_empty_space height=&#8221;0.4em&#8221; alter_height=&#8221;none&#8221; hide_on_mobile=&#8221;&#8221;][vc_empty_space height=&#8221;4em&#8221; alter_height=&#8221;none&#8221; hide_on_mobile=&#8221;1&#8243;][vc_empty_space height=&#8221;8em&#8221; alter_height=&#8221;none&#8221; hide_on_mobile=&#8221;&#8221;][\/vc_column][\/vc_row][vc_row full_width=&#8221;stretch_row&#8221; css=&#8221;.vc_custom_1499342785301{background: #4559b3 url(https:\/\/rudniksrece.hr\/wp-content\/uploads\/2017\/06\/bg-style-3.png?id=503) !important;background-position: 0 0 !important;background-repeat: repeat !important;}&#8221;][vc_column icons_position=&#8221;left&#8221;][vc_empty_space height=&#8221;2.4em&#8221; alter_height=&#8221;none&#8221; hide_on_mobile=&#8221;1&#8243;][vc_empty_space height=&#8221;4.8em&#8221; alter_height=&#8221;none&#8221; hide_on_mobile=&#8221;&#8221;]<div id=\"sc_title_2025349761\"\n\t\tclass=\"sc_title color_style_default scheme_dark sc_title_default go-center\"><h3 class=\"sc_item_title sc_title_title sc_align_center sc_item_title_style_default\">Klijenti mi se obra\u0107aju kad imaju potrebu<\/h3><\/div><!-- \/.sc_title -->[vc_empty_space height=&#8221;3em&#8221; alter_height=&#8221;none&#8221; hide_on_mobile=&#8221;&#8221;][vc_empty_space height=&#8221;1.1em&#8221; alter_height=&#8221;none&#8221; hide_on_mobile=&#8221;1&#8243;]<div id=\"sc_services_1200041446\" class=\"sc_services color_style_default scheme_dark sc_services_timeline sc_services_featured_top\"><div class=\"sc_services_columns_wrap sc_item_columns sc_item_columns_5 trx_addons_columns_wrap columns_padding_bottom no_margin\"><div class=\"trx_addons_column-1_5\"><div class=\"sc_services_item with_content with_image sc_services_item_featured_top\"><div class=\"sc_services_item_timeline\"><\/div><div class=\"sc_services_item_marker sc_services_item_thumb\" style=\"background-image: url(https:\/\/rudniksrece.hr\/wp-content\/uploads\/2017\/06\/playtime.png);\"><\/div>\n\n\n\n\t\t<div class=\"number_bottom_go\">\n\t\t\t<span class=\"sc_services_item_number_bottom\">01<\/span>\n\t\t<\/div>\n\n\n\n\n\t\t\n\t<div class=\"sc_services_item_info\">\n\t\t\t\t<div class=\"sc_services_item_header\">\n\t\t\t\t\t\t<h6 class=\"sc_services_item_title\"><a href=\"https:\/\/rudniksrece.hr\/index.php\/services\/odstupanja-u-razvoja\/\">za prepoznavanjem odstupanja u razvoju<\/a><\/h6>\n\t\t<\/div>\n\t\t\t\t\t<div class=\"sc_services_item_content\"><p>ka\u0161njenje u razvoju, vje\u0161tine koje ne odgovaraju dobi, te\u0161ko\u0107e u\u010denja, nezrele socio-emocionalne reakcije<\/p>\n<\/div>\n\t\t\t\t<\/div>\n<\/div>\n<\/div><div class=\"trx_addons_column-1_5\"><div class=\"sc_services_item with_content with_image sc_services_item_featured_top\"><div class=\"sc_services_item_timeline\"><\/div><div class=\"sc_services_item_marker sc_services_item_thumb\" style=\"background-image: url(https:\/\/rudniksrece.hr\/wp-content\/uploads\/2017\/06\/reading.png);\"><\/div>\n\n\n\n\t\t<div class=\"number_bottom_go\">\n\t\t\t<span class=\"sc_services_item_number_bottom\">02<\/span>\n\t\t<\/div>\n\n\n\n\n\t\t\n\t<div class=\"sc_services_item_info\">\n\t\t\t\t<div class=\"sc_services_item_header\">\n\t\t\t\t\t\t<h6 class=\"sc_services_item_title\"><a href=\"https:\/\/rudniksrece.hr\/index.php\/services\/podrska-u-ucenju\/\">trebaju podr\u0161ku u u\u010denju<\/a><\/h6>\n\t\t<\/div>\n\t\t\t\t\t<div class=\"sc_services_item_content\"><\/div>\n\t\t\t\t<\/div>\n<\/div>\n<\/div><div class=\"trx_addons_column-1_5\"><div class=\"sc_services_item with_content with_image sc_services_item_featured_top\"><div class=\"sc_services_item_timeline\"><\/div><div class=\"sc_services_item_marker sc_services_item_thumb\" style=\"background-image: url(https:\/\/rudniksrece.hr\/wp-content\/uploads\/2017\/06\/world.png);\"><\/div>\n\n\n\n\t\t<div class=\"number_bottom_go\">\n\t\t\t<span class=\"sc_services_item_number_bottom\">03<\/span>\n\t\t<\/div>\n\n\n\n\n\t\t\n\t<div class=\"sc_services_item_info\">\n\t\t\t\t<div class=\"sc_services_item_header\">\n\t\t\t\t\t\t<h6 class=\"sc_services_item_title\"><a href=\"https:\/\/rudniksrece.hr\/index.php\/services\/osmisljavanje-strategija\/\">osmi\u0161ljavanja strategija za optimalno funkcioniranje u okolini<\/a><\/h6>\n\t\t<\/div>\n\t\t\t\t\t<div class=\"sc_services_item_content\"><\/div>\n\t\t\t\t<\/div>\n<\/div>\n<\/div><div class=\"trx_addons_column-1_5\"><div class=\"sc_services_item with_content with_image sc_services_item_featured_top\"><div class=\"sc_services_item_timeline\"><\/div><div class=\"sc_services_item_marker sc_services_item_thumb\" style=\"background-image: url(https:\/\/rudniksrece.hr\/wp-content\/uploads\/2017\/06\/puzzle.png);\"><\/div>\n\n\n\n\t\t<div class=\"number_bottom_go\">\n\t\t\t<span class=\"sc_services_item_number_bottom\">04<\/span>\n\t\t<\/div>\n\n\n\n\n\t\t\n\t<div class=\"sc_services_item_info\">\n\t\t\t\t<div class=\"sc_services_item_header\">\n\t\t\t\t\t\t<h6 class=\"sc_services_item_title\"><a href=\"https:\/\/rudniksrece.hr\/index.php\/services\/primjerena-razina-podrske\/\">odre\u0111ivanjem primjerene razine podr\u0161ke u odgoju i obrazovanju<\/a><\/h6>\n\t\t<\/div>\n\t\t\t\t\t<div class=\"sc_services_item_content\"><\/div>\n\t\t\t\t<\/div>\n<\/div>\n<\/div><div class=\"trx_addons_column-1_5\"><div class=\"sc_services_item with_content with_image sc_services_item_featured_top\"><div class=\"sc_services_item_timeline\"><\/div><div class=\"sc_services_item_marker sc_services_item_thumb\" style=\"background-image: url(https:\/\/rudniksrece.hr\/wp-content\/uploads\/2017\/02\/disability.png);\"><\/div>\n\n\n\n\t\t<div class=\"number_bottom_go\">\n\t\t\t<span class=\"sc_services_item_number_bottom\">05<\/span>\n\t\t<\/div>\n\n\n\n\n\t\t\n\t<div class=\"sc_services_item_info\">\n\t\t\t\t<div class=\"sc_services_item_header\">\n\t\t\t\t\t\t<h6 class=\"sc_services_item_title\"><a href=\"https:\/\/rudniksrece.hr\/index.php\/services\/suocavanjem-sa-posebnostima-svakodnevnice-osoba-s-invaliditetom\/\">suo\u010davanjem sa posebnostima svakodnevnice osoba s invaliditetom<\/a><\/h6>\n\t\t<\/div>\n\t\t\t\t\t<div class=\"sc_services_item_content\"><p>koji stavljaju poseban teret na njihovo mentalno zdravlje i op\u0107u psiholo\u0161ku dobrobit<\/p>\n<\/div>\n\t\t\t\t<\/div>\n<\/div>\n<\/div><\/div><\/div><!-- \/.sc_services -->[vc_empty_space height=&#8221;2em&#8221; alter_height=&#8221;none&#8221; hide_on_mobile=&#8221;&#8221;][vc_empty_space height=&#8221;2em&#8221; alter_height=&#8221;none&#8221; hide_on_mobile=&#8221;1&#8243;][vc_empty_space height=&#8221;2em&#8221; alter_height=&#8221;none&#8221; hide_on_mobile=&#8221;&#8221;][\/vc_column][\/vc_row][vc_row full_width=&#8221;stretch_row&#8221; css=&#8221;.vc_custom_1499264148107{background: #4559b3 url(https:\/\/rudniksrece.hr\/wp-content\/uploads\/2017\/06\/bg-style-3.png?id=503) !important;background-position: 0 0 !important;background-repeat: repeat !important;}&#8221;][vc_column icons_position=&#8221;left&#8221;][vc_empty_space height=&#8221;3em&#8221; alter_height=&#8221;none&#8221; hide_on_mobile=&#8221;&#8221;][vc_empty_space height=&#8221;1.2em&#8221; alter_height=&#8221;none&#8221; hide_on_mobile=&#8221;1&#8243;][vc_empty_space height=&#8221;1em&#8221; alter_height=&#8221;none&#8221; hide_on_mobile=&#8221;1&#8243;][\/vc_column][\/vc_row][vc_row full_width=&#8221;stretch_row&#8221; content_placement=&#8221;bottom&#8221; css=&#8221;.vc_custom_1499253095557{background-color: #ffd786 !important;}&#8221; el_class=&#8221;extra-action&#8221;][vc_column icons_position=&#8221;left&#8221;][vc_empty_space height=&#8221;3em&#8221; alter_height=&#8221;none&#8221; hide_on_mobile=&#8221;&#8221;][vc_empty_space height=&#8221;3em&#8221; alter_height=&#8221;none&#8221; hide_on_mobile=&#8221;&#8221;][vc_empty_space height=&#8221;1em&#8221; alter_height=&#8221;none&#8221; hide_on_mobile=&#8221;1&#8243;][vc_row_inner content_placement=&#8221;bottom&#8221;][vc_column_inner width=&#8221;2\/3&#8243; icons_position=&#8221;left&#8221;]<div id=\"sc_title_1785946696\"\n\t\tclass=\"sc_title color_style_default scheme_dark sc_title_default go-left\"><h6 class=\"sc_item_subtitle sc_title_subtitle sc_align_left sc_item_title_style_default\">Obratite se s povjerenjem<\/h6><h2 class=\"sc_item_title sc_title_title sc_align_left sc_item_title_style_default sc_item_title_tag\">Mogu biti tu za vas<\/h2><\/div><!-- \/.sc_title -->[vc_empty_space height=&#8221;1em&#8221; alter_height=&#8221;none&#8221; hide_on_mobile=&#8221;1&#8243;][vc_empty_space height=&#8221;1em&#8221; alter_height=&#8221;none&#8221; hide_on_mobile=&#8221;&#8221;][\/vc_column_inner][vc_column_inner width=&#8221;1\/3&#8243; icons_position=&#8221;left&#8221;]<div class=\"sc_item_button sc_button_wrap sc_align_right\"><a href=\"https:\/\/rudniksrece.hr\/index.php\/kontakt\/\" id=\"sc_button_551130763\" class=\"sc_button color_style_dark sc_button_default sc_button_size_normal sc_button_icon_left\"><span class=\"sc_button_text\"><span class=\"sc_button_title\">Kontakt<\/span><\/span><!-- \/.sc_button_text --><\/a><!-- \/.sc_button --><\/div><!-- \/.sc_item_button -->[vc_empty_space height=&#8221;2em&#8221; alter_height=&#8221;none&#8221; hide_on_mobile=&#8221;1&#8243;][\/vc_column_inner][\/vc_row_inner][vc_empty_space height=&#8221;3em&#8221; alter_height=&#8221;none&#8221; hide_on_mobile=&#8221;1&#8243;][vc_empty_space height=&#8221;5em&#8221; alter_height=&#8221;none&#8221; hide_on_mobile=&#8221;&#8221;][\/vc_column][\/vc_row][vc_row full_width=&#8221;stretch_row&#8221; content_placement=&#8221;bottom&#8221; css=&#8221;.vc_custom_1499253095557{background-color: #ffd786 !important;}&#8221; el_class=&#8221;extra-action&#8221;][vc_column icons_position=&#8221;left&#8221;][vc_empty_space height=&#8221;3em&#8221; alter_height=&#8221;none&#8221; hide_on_mobile=&#8221;&#8221;][vc_empty_space height=&#8221;3em&#8221; alter_height=&#8221;none&#8221; hide_on_mobile=&#8221;&#8221;][\/vc_column][\/vc_row]<\/p>\n<\/section>","protected":false},"excerpt":{"rendered":"<p>[vc_row full_width=&#8221;stretch_row_content_no_spaces&#8221; full_height=&#8221;yes&#8221; columns_placement=&#8221;stretch&#8221; content_placement=&#8221;middle&#8221;][vc_column][\/vc_column][\/vc_row][vc_row full_width=&#8221;stretch_row&#8221; css=&#8221;.vc_custom_1499414829344{background-image: url(https:\/\/rudniksrece.hr\/wp-content\/uploads\/2017\/06\/bg-style-1.png?id=434) !important;background-position: 0 0 !important;background-repeat: repeat !important;}&#8221;][vc_column][vc_empty_space height=&#8221;3em&#8221; alter_height=&#8221;none&#8221; hide_on_mobile=&#8221;&#8221;][\/vc_column][\/vc_row][vc_row css=&#8221;.vc_custom_1610353611279{background-image: url(https:\/\/rudniksrece.hr\/wp-content\/uploads\/2017\/06\/bg-style-1.png?id=434) !important;}&#8221;][vc_column width=&#8221;1\/2&#8243; icons_position=&#8221;left&#8221;][vc_empty_space height=&#8221;3.2em&#8221; alter_height=&#8221;none&#8221; hide_on_mobile=&#8221;&#8221;][vc_empty_space height=&#8221;3em&#8221; alter_height=&#8221;none&#8221; hide_on_mobile=&#8221;&#8221;][\/vc_column][vc_column width=&#8221;1\/2&#8243; icons_position=&#8221;left&#8221;][vc_single_image image=&#8221;1325&#8243; img_size=&#8221;full&#8221; alignment=&#8221;center&#8221;][\/vc_column][\/vc_row][vc_row full_width=&#8221;stretch_row&#8221; css=&#8221;.vc_custom_1499414829344{background-image: url(https:\/\/rudniksrece.hr\/wp-content\/uploads\/2017\/06\/bg-style-1.png?id=434) !important;background-position: 0 0 !important;background-repeat: repeat !important;}&#8221;][vc_column][vc_empty_space height=&#8221;4em&#8221; alter_height=&#8221;none&#8221; hide_on_mobile=&#8221;1&#8243;][vc_empty_space&hellip;<\/p>\n","protected":false},"author":1,"featured_media":0,"parent":0,"menu_order":0,"comment_status":"closed","ping_status":"closed","template":"","meta":{"footnotes":""},"_links":{"self":[{"href":"https:\/\/rudniksrece.hr\/index.php\/wp-json\/wp\/v2\/pages\/299"}],"collection":[{"href":"https:\/\/rudniksrece.hr\/index.php\/wp-json\/wp\/v2\/pages"}],"about":[{"href":"https:\/\/rudniksrece.hr\/index.php\/wp-json\/wp\/v2\/types\/page"}],"author":[{"embeddable":true,"href":"https:\/\/rudniksrece.hr\/index.php\/wp-json\/wp\/v2\/users\/1"}],"replies":[{"embeddable":true,"href":"https:\/\/rudniksrece.hr\/index.php\/wp-json\/wp\/v2\/comments?post=299"}],"version-history":[{"count":91,"href":"https:\/\/rudniksrece.hr\/index.php\/wp-json\/wp\/v2\/pages\/299\/revisions"}],"predecessor-version":[{"id":1334,"href":"https:\/\/rudniksrece.hr\/index.php\/wp-json\/wp\/v2\/pages\/299\/revisions\/1334"}],"wp:attachment":[{"href":"https:\/\/rudniksrece.hr\/index.php\/wp-json\/wp\/v2\/media?parent=299"}],"curies":[{"name":"wp","href":"https:\/\/api.w.org\/{rel}","templated":true}]}}